d 48972.
11
Calculate the highest common factor of 13635138 and 4818.
66
Calculate the greatest common factor of 72972 and 755388.
36
What is the greatest common factor of 252163446 and 3879?
1293
Calculate the greatest common factor of 2619 and 7397899.
97
What is the greatest common factor of 2180722 and 11592?
46
What is the highest common divisor of 148 and 12478546?
74
Calculate the greatest common divisor of 49 and 284312.
7
What is the greatest common factor of 99105732 and 88?
44
What is the highest common divisor of 1466003 and 21?
7
Calculate the greatest common factor of 3422254 and 5786.
22
What is the greatest common factor of 152 and 173480792?
152
Calculate the greatest common divisor of 3484 and 373672.
52
What is the highest common divisor of 2683692 and 1458?
486
What is the highest common factor of 427 and 189747271?
427
Calculate the greatest common factor of 367055 and 1170.
65
Calculate the highest common factor of 371 and 250754.
7
What is the greatest common divisor of 4964 and 4840484?
292
What is the greatest common factor of 12040075 and 19575?
725
Calculate the greatest common divisor of 2225 and 17139175.
2225
Calculate the greatest common factor of 14078563 and 19817.
2831
What is the greatest common divisor of 3686 and 1599572?
38
Calculate the greatest common divisor of 152 and 80282239.
19
Calculate the greatest common factor of 45463789 and 551.
19
What is the highest common factor of 24262 and 19390?
14
Calculate the highest common divisor of 2 and 2186532.
2
What is the highest common factor of 86223434 and 506?
22
What is the greatest common divisor of 177613 and 4418?
47
What is the greatest common divisor of 341 and 1214053?
31
Calculate the highest common divisor of 68545 and 1400.
5
Calculate the greatest common factor of 56475 and 12060.
45
Calculate the highest common divisor of 543 and 51004352.
181
Calculate the greatest common divisor of 160 and 242032.
16
Calculate the greatest common divisor of 30 and 139310.
10
Calculate the greatest common divisor of 10217296 and 40.
8
Calculate the greatest common divisor of 2418138 and 22500.
18
Calculate the highest common factor of 513 and 5065590.
57
Calculate the highest common factor of 23294096 and 476.
28
What is the greatest common factor of 1871848 and 33286?
1958
What is the highest common factor of 3285 and 57314490?
1095
What is the highest common divisor of 9610 and 367930?
10
What is the highest common divisor of 119712 and 1767042?
258
Calculate the highest common divisor of 25263953 and 124267.
1573
What is the highest common factor of 87514 and 1057406?
658
What is the highest common factor of 42 and 200498410?
14
What is the highest common factor of 2458705 and 10470?
1745
What is the highest common divisor of 530 and 90974606?
106
What is the greatest common factor of 4383 and 463392?
9
What is the greatest common divisor of 1980874 and 151946?
1394
Calculate the highest common divisor of 7427 and 102818327.
1061
Calculate the greatest common divisor of 1528634933 and 7.
7
Calculate the highest common factor of 359685045 and 20025.
4005
What is the highest common factor of 56213480 and 436?
436
Calculate the greatest common factor of 46563208 and 224.
8
What is the greatest common factor of 333 and 10145289?
111
What is the highest common factor of 8201 and 806724169?
8201
Calculate the highest common factor of 20051241 and 6.
3
What is the greatest common factor of 67940 and 12083?
43
Calculate the highest common factor of 7324275 and 2205.
735
What is the greatest common factor of 11076 and 716532?
852
Calculate the highest common divisor of 802942 and 9877.
581
What is the greatest common divisor of 210760 and 390?
10
Calculate the greatest common factor of 398777 and 1104577.
3529
Calculate the greatest common factor of 5554500616 and 3983.
3983
Calculate the greatest common divisor of 14 and 3093748.
14
What is the highest common divisor of 422289 and 1305?
9
What is the highest common divisor of 12355454 and 7426?
94
Calculate the greatest common factor of 26320 and 772960.
80
Calculate the greatest common factor of 7644 and 427760151.
1911
What is the highest common factor of 598 and 24901344?
26
What is the highest common factor of 14306241 and 24?
3
What is the greatest common factor of 810 and 9447705?
135
Calculate the highest common divisor of 23566980 and 318.
318
What is the greatest common factor of 1434 and 54011610?
1434
What is the highest common factor of 182 and 9022923?
91
What is the greatest common divisor of 1370830 and 232?
58
Calculate the greatest common divisor of 459109532 and 2438.
2438
Calculate the highest common divisor of 1865502 and 5734.
122
What is the greatest common divisor of 16523870 and 10010?
110
What is the greatest common factor of 2204 and 5616227?
29
Calculate the highest common divisor of 23542 and 238102.
298
What is the greatest common divisor of 13440 and 126885?
15
What is the highest common divisor of 1531610 and 1030?
1030
What is the highest common factor of 24308 and 113457?
59
What is the greatest common factor of 39328 and 8100339?
1229
What is the greatest common factor of 161193341 and 36459?
4051
What is the highest common divisor of 561 and 5724393?
51
Calculate the highest common divisor of 65 and 470113748.
13
Calculate the greatest common divisor of 1825120 and 19745.
55
What is the greatest common factor of 2989 and 400080639?
2989
Calculate the greatest common divisor of 9060 and 620214380.
3020
What is the greatest common factor of 352 and 7536518?
22
Calculate the greatest common divisor of 17745 and 562380.
1365
What is the greatest common factor of 22369358 and 33?
11
What is the highest common divisor of 836 and 328263342?
418
What is the greatest common divisor of 5317 and 67226921?
409
Calculate the greatest common factor of 33829305 and 60.
15
What is the greatest common divisor of 1700 and 15081550?
850
What is the highest common divisor of 4 and 5435390?
2
Calculate the highest common divisor of 23775429 and 265.
53
Calculate the highest common factor of 1224162 and 558.
18
What is the greatest common divisor of 30492 and 1429659?
693
What is the highest common factor of 24530 and 257070?
110
Calculate the greatest common factor of 8365 and 29435.
35
Calculate the highest common factor of 16780 and 31900.
20
Calculate the greatest common factor of 21629928 and 552.
24
What is the greatest common divisor of 200 and 9712550?
50
Calculate the highest common factor of 499 and 122176657.
499
Calculate the greatest common divisor of 20760817 and 254.
127
What is the highest common factor of 368251506 and 378?
126
Calculate the highest common factor of 52 and 176648238.
26
Calculate the greatest common divisor of 162708 and 241380.
1788
What is the highest common divisor of 49 and 17842321?
49
What is the greatest common factor of 32658 and 127914?
6
What is the highest common factor of 6176 and 306484?
772
What is the highest common factor of 220986 and 1706?
2
Calculate the greatest common divisor of 8060914 and 3266.
142
Calculate the highest common divisor of 397343871 and 1251.
1251
Calculate the highest common factor of 278 and 1103672788.
278
Calculate the highest common divisor of 261 and 7312553.
29
Calculate the greatest common factor of 31122575 and 275.
275
Calculate the greatest common divisor of 17919 and 95201656.
1991
What is the highest common divisor of 4700952 and 21312?
72
What is the greatest common factor of 57109 and 3145961?
2483
Calculate the greatest common factor of 119 and 2978675.
7
Calculate the highest common factor of 1517257 and 112.
7
What is the greatest common divisor of 2 and 3073438?
2
What is the highest common divisor of 36663 and 5808?
363
Calculate the highest common factor of 606310418 and 98.
98
Calculate the highest common divisor of 16660 and 57698.
34
What is the greatest common divisor of 1327353421 and 17?
17
What is the highest common factor of 234980 and 6237200?
620
What is the highest common divisor of 221612 and 3808?
68
What is the greatest common divisor of 4454 and 15674?
34
What is the greatest common factor of 48760000 and 92?
92
Calculate the greatest common divisor of 293566 and 195104.
182
Calculate the gr